10274417?
10274417
List the prime factors of 9213768.
2, 3, 73, 1753
What are the prime factors of 249898?
2, 11, 37, 307
List the prime factors of 1898716.
2, 257, 1847
List the prime factors of 128011.
13, 43, 229
List the prime factors of 185000.
2, 5, 37
List the prime factors of 1652380.
2, 5, 82619
List the prime factors of 301557.
3, 100519
What are the prime factors of 1569031?
617, 2543
List the prime factors of 551890.
2, 5, 229, 241
List the prime factors of 146311.
11, 47, 283
What are the prime factors of 1602867?
3, 7, 127, 601
List the prime factors of 136574.
2, 23, 2969
What are the prime factors of 406395?
3, 5, 11, 821
What are the prime factors of 73753?
131, 563
List the prime factors of 1665793.
101, 16493
What are the prime factors of 6309592?
2, 379, 2081
What are the prime factors of 182242?
2, 91121
List the prime factors of 295870.
2, 5, 29587
What are the prime factors of 137873?
137873
List the prime factors of 147282.
2, 3, 24547
What are the prime factors of 236858?
2, 118429
What are the prime factors of 1089935?
5, 7, 11, 19, 149
What are the prime factors of 816590?
2, 5, 37, 2207
What are the prime factors of 18279238?
2, 107, 229, 373
What are the prime factors of 17459209?
509, 34301
What are the prime factors of 303014?
2, 151507
List the prime factors of 462792.
2, 3, 11, 1753
What are the prime factors of 165602?
2, 31, 2671
List the prime factors of 189596.
2, 11, 31, 139
What are the prime factors of 7557046?
2, 7, 61, 8849
What are the prime factors of 123286?
2, 61643
What are the prime factors of 476109?
3, 52901
What are the prime factors of 1387463?
7, 11, 37, 487
List the prime factors of 31517057.
11, 13, 220399
What are the prime factors of 30013767?
3, 7, 158803
What are the prime factors of 4217499?
3, 11, 13, 29, 113
What are the prime factors of 207807?
3, 113, 613
What are the prime factors of 409718?
2, 204859
What are the prime factors of 7250106?
2, 3, 23, 107, 491
List the prime factors of 1737817.
53, 32789
List the prime factors of 263205.
3, 5, 5849
What are the prime factors of 2033292?
2, 3, 23, 53, 139
List the prime factors of 9657878.
2, 41, 117779
List the prime factors of 1635925.
5, 65437
What are the prime factors of 291827?
29, 347
What are the prime factors of 8441738?
2, 19, 222151
List the prime factors of 35398.
2, 11, 1609
What are the prime factors of 7134688?
2, 11, 20269
List the prime factors of 6574192.
2, 251, 1637
What are the prime factors of 15796035?
3, 5, 351023
What are the prime factors of 340494?
2, 3, 7, 11, 67
What are the prime factors of 2394866?
2, 1197433
List the prime factors of 369178.
2, 197, 937
What are the prime factors of 5159954?
2, 2579977
List the prime factors of 399146.
2, 11, 18143
List the prime factors of 7754111.
67, 115733
What are the prime factors of 11151825?
3, 5, 148691
List the prime factors of 1504499.
23, 65413
What are the prime factors of 6865485?
3, 5, 11, 41609
What are the prime factors of 673651?
11, 47, 1303
What are the prime factors of 111895?
5, 7, 23, 139
What are the prime factors of 40435?
5, 8087
List the prime factors of 604719.
3, 22397
List the prime factors of 7468573.
7, 29, 36791
What are the prime factors of 29105859?
3, 41, 83, 2851
What are the prime factors of 2113800?
2, 3, 5, 13, 271
What are the prime factors of 179728?
2, 47, 239
List the prime factors of 6188454.
2, 3, 114601
What are the prime factors of 83018?
2, 13, 31, 103
List the prime factors of 12625129.
11, 1147739
List the prime factors of 7004080.
2, 5, 29, 3019
List the prime factors of 1820211.
3, 606737
List the prime factors of 3674047.
13, 409, 691
What are the prime factors of 2876456?
2, 11, 32687
What are the prime factors of 8053982?
2, 103, 39097
List the prime factors of 25513535.
5, 37, 137911
What are the prime factors of 3009505?
5, 19, 79, 401
What are the prime factors of 912689?
383, 2383
What are the prime factors of 1371822?
2, 3, 228637
List the prime factors of 19844594.
2, 7, 11, 128861
List the prime factors of 874286.
2, 7, 197, 317
What are the prime factors of 5877637?
41, 143357
List the prime factors of 142508.
2, 23, 1549
List the prime factors of 4866346.
2, 199, 12227
What are the prime factors of 3477325?
5, 367, 379
What are the prime factors of 54987?
3, 18329
List the prime factors of 507633.
3, 7, 23, 1051
What are the prime factors of 14867804?
2, 7, 19, 27947
What are the prime factors of 11225280?
2, 3, 5, 11, 1063
List the prime factors of 2716035.
3, 5, 7, 25867
List the prime factors of 3534806.
2, 11, 31, 71, 73
List the prime factors of 5897012.
2, 11, 223, 601
List the prime factors of 1739918.
2, 869959
What are the prime factors of 295613?
17, 17389
List the prime factors of 1195163.
47, 59, 431
What are the prime factors of 30316678?
2, 7, 17, 59, 127
What are the prime factors of 364946?
2, 182473
List the prime factors of 289678.
2, 144839
What are the prime factors of 22298185?
5, 7, 13, 7001
What are the prime factors of 4731731?
367, 12893
What are the prime factors of 577692?
2, 3, 1783
What are the prime factors of 922312?
2, 31, 3719
What are the prime factors of 886462?
2, 443231
List the prime factors of 11248452.
2, 3, 167, 1871
What are the prime factors of 97270?
2, 5, 71, 137
What are the prime factors of 224175?
3, 5, 7, 61
List the prime factors of 674485.
5, 7, 2753
List the prime factors of 73316.
2, 18329
What are the prime factors of 202454?
2, 7, 14461
What are the prime factors of 1235193?
3, 199, 2069
List the prime factors of 9746.
2, 11, 443
List the prime factors of 6019905.
3, 5, 23, 17449
What are the prime factors of 248227?
7, 35461
What are the prime factors of 1602059?
1602059
What are the prime factors of 1212717?
3, 11, 36749
List the prime factors of 2796635.
5, 569, 983
List the prime factors of 43807.
71, 617
What are the prime factors of 39652399?
39652399
List the prime factors of 22547370.
2, 3, 5, 751579
List the prime factors of 127888.
2, 7993
List the prime factors of 2403972.
2, 3, 22259
What are the prime factors of 284169?
3, 94723
What are the prime factors of 12210984?
2, 3, 181, 937
What are the prime factors of 148912?
2, 41, 227
What are the prime factors of 12199029?
3, 179, 22717
What are the prime factors of 14184099?
3, 113, 4649
What are the prime factors of 125240?
2, 5, 31, 101
What are the prime factors of 3539245?
5, 707849
List the prime factors of 330939.
3, 7, 17, 103
List the prime factors of 95082.
2, 3, 13, 23, 53
What are the prime factors of 1473559?
53, 27803
What are the prime factors of 4069231?
1117, 3643
List the prime factors of 2079428.
2, 13, 39989
What are the prime factors of 11499319?
13, 79, 11197
What are the prime factors of 559990?
2, 5, 29, 1931
What are the prime factors of 6920048?
2, 432503
List the prime factors of 9408475.
5, 41, 67, 137
List the prime factors of 70024.
2, 8753
What are the prime factors of 579906?
2, 3, 10739
List the prime factors of 1029476.
2, 7, 36767
List the prime factors of 46583.
37, 1259
What are the prime factors of 22253602?
2, 7, 433, 3671
What are the prime factors of 131580?
2, 3, 5, 17, 43
What are the prime factors of 1444492?
2, 7, 23, 2243
What are the prime factors of 7882892?
2, 193, 10211
What are the prime factors of 9021388?
2, 97, 23251
What are the prime factors of 232205?
5, 46441
List the prime factors of 9337632.
2, 3, 23, 4229
List the prime factors of 3247448.
2, 137, 2963
What are the prime factors of 600620?
2, 5, 59, 509
List the prime factors of 2837535.
3, 5, 189169
What are the prime factors of 515513?
83, 6211
What are the prime factors of 3888136?
2, 7, 69431
List the prime factors of 6511894.
2, 281, 11587
List the prime factors of 1800814.
2, 149, 6043
List the prime factors of 35441949.
3, 59, 200237
List the prime factors of 34963422.
2, 3, 13, 448249
What are the prime factors of 4135372?
2, 1033843
List the prime factors of 74480.
2, 5, 7, 19
What are the prime factors of 401753?
11, 36523
What are the prime factors of 1037515?
5, 59, 3517
List the prime factors of 2146332.
2, 3, 383, 467
What are the prime factors of 360269?
7, 13, 37, 107
List the prime factors of 628092.
2, 3, 73, 239
List the prime factors of 1285982.
2, 17, 109